ime factors of 12799398.
2, 3, 103, 139, 149
List the prime factors of 126155.
5, 23, 1097
List the prime factors of 39998677.
39998677
What are the prime factors of 1367357?
43, 31799
What are the prime factors of 2122801?
37, 57373
List the prime factors of 227031.
3, 7, 19, 569
What are the prime factors of 678333?
3, 173, 1307
What are the prime factors of 22664829?
3, 11, 89, 7717
What are the prime factors of 626712?
2, 3, 26113
List the prime factors of 1030664.
2, 128833
List the prime factors of 4171909.
7, 12163
List the prime factors of 558354.
2, 3, 93059
What are the prime factors of 116261?
19, 29, 211
List the prime factors of 36460.
2, 5, 1823
List the prime factors of 2425377.
3, 808459
List the prime factors of 2552603.
2552603
List the prime factors of 573597.
3, 17, 23, 163
List the prime factors of 311794.
2, 7, 22271
What are the prime factors of 6161228?
2, 769, 2003
List the prime factors of 7660284.
2, 3, 97, 6581
What are the prime factors of 11822?
2, 23, 257
What are the prime factors of 287114?
2, 89, 1613
What are the prime factors of 260551?
260551
List the prime factors of 5827927.
7, 19, 29, 1511
List the prime factors of 171894.
2, 3, 28649
List the prime factors of 551769.
3, 17, 31, 349
List the prime factors of 377161.
137, 2753
What are the prime factors of 4072587?
3, 23, 59023
What are the prime factors of 19680638?
2, 79, 124561
List the prime factors of 560727.
3, 62303
What are the prime factors of 1456823?
1456823
List the prime factors of 15138946.
2, 7569473
List the prime factors of 1308351.
3, 11, 41, 967
List the prime factors of 3353146.
2, 31, 54083
List the prime factors of 2012617.
293, 6869
What are the prime factors of 603165?
3, 5, 79, 509
List the prime factors of 6558959.
11, 29, 709
List the prime factors of 240975.
3, 5, 7, 17
What are the prime factors of 78019?
61, 1279
What are the prime factors of 3672997?
3672997
List the prime factors of 289473.
3, 47, 2053
What are the prime factors of 2865267?
3, 106121
What are the prime factors of 22280327?
37, 661, 911
What are the prime factors of 26834?
2, 13417
What are the prime factors of 8762210?
2, 5, 47, 103, 181
List the prime factors of 638173.
53, 12041
List the prime factors of 756898.
2, 378449
List the prime factors of 746089.
311, 2399
List the prime factors of 333077.
251, 1327
List the prime factors of 833683.
31, 26893
List the prime factors of 4904.
2, 613
List the prime factors of 1879374.
2, 3, 7, 29, 1543
List the prime factors of 2583584.
2, 80737
What are the prime factors of 2027867?
73, 27779
List the prime factors of 4005594.
2, 3, 222533
What are the prime factors of 479949?
3, 157, 1019
List the prime factors of 6269833.
179, 35027
What are the prime factors of 718984?
2, 7, 37, 347
List the prime factors of 637089.
3, 19, 11177
What are the prime factors of 5676951?
3, 7, 83, 3257
List the prime factors of 1126335.
3, 5, 7, 17, 631
What are the prime factors of 794845?
5, 71, 2239
List the prime factors of 9373633.
47, 53, 71
What are the prime factors of 23463951?
3, 7, 47, 23773
List the prime factors of 184489.
184489
What are the prime factors of 616210?
2, 5, 7, 8803
What are the prime factors of 1071802?
2, 419, 1279
What are the prime factors of 8965851?
3, 17, 31, 53, 107
What are the prime factors of 6167001?
3, 19, 108193
What are the prime factors of 22847683?
239, 95597
List the prime factors of 201919.
201919
List the prime factors of 345088.
2, 337
What are the prime factors of 8659356?
2, 3, 721613
What are the prime factors of 3780424?
2, 499, 947
List the prime factors of 97803.
3, 10867
What are the prime factors of 173410?
2, 5, 17341
List the prime factors of 993496.
2, 7, 113, 157
What are the prime factors of 184553?
184553
List the prime factors of 109169.
109169
List the prime factors of 276062.
2, 97, 1423
List the prime factors of 733444.
2, 183361
List the prime factors of 387302.
2, 197, 983
List the prime factors of 3847153.
41, 103, 911
What are the prime factors of 1484759?
907, 1637
List the prime factors of 45375.
3, 5, 11
List the prime factors of 1634179.
29, 37, 1523
What are the prime factors of 10509286?
2, 43, 122201
List the prime factors of 57658.
2, 127, 227
List the prime factors of 451020.
2, 3, 5, 7517
List the prime factors of 23088720.
2, 3, 5, 17, 5659
What are the prime factors of 1152440?
2, 5, 47, 613
What are the prime factors of 6009284?
2, 857, 1753
What are the prime factors of 5974?
2, 29, 103
List the prime factors of 1959.
3, 653
What are the prime factors of 345099?
3, 37, 3109
What are the prime factors of 21364571?
113, 189067
List the prime factors of 2578754.
2, 619, 2083
List the prime factors of 3151748.
2, 61, 12917
List the prime factors of 9071615.
5, 7, 61, 607
What are the prime factors of 231437?
199, 1163
List the prime factors of 4319410.
2, 5, 61, 73, 97
List the prime factors of 11743644.
2, 3, 11, 43, 2069
What are the prime factors of 32479?
32479
What are the prime factors of 96910?
2, 5, 11, 881
What are the prime factors of 375921?
3, 7, 13, 17
List the prime factors of 3828575.
5, 37, 4139
What are the prime factors of 4355446?
2, 19, 114617
List the prime factors of 13521717.
3, 11, 73, 1871
What are the prime factors of 4211259?
3, 13, 107981
List the prime factors of 2107193.
11, 191563
What are the prime factors of 127752?
2, 3, 5323
What are the prime factors of 641896?
2, 19, 41, 103
List the prime factors of 33801011.
33801011
What are the prime factors of 6577004?
2, 7, 234893
What are the prime factors of 495401?
495401
What are the prime factors of 458816?
2, 67, 107
What are the prime factors of 173401?
59, 2939
List the prime factors of 2244802.
2, 7, 160343
List the prime factors of 503905.
5, 31, 3251
List the prime factors of 957511.
59, 16229
What are the prime factors of 47652?
2, 3, 11, 19
What are the prime factors of 7144591?
7144591
List the prime factors of 225302.
2, 7, 11, 19
What are the prime factors of 8157733?
2221, 3673
List the prime factors of 13791137.
13791137
What are the prime factors of 1860406?
2, 53, 17551
What are the prime factors of 746898?
2, 3, 281, 443
What are the prime factors of 4402146?
2, 3, 7, 281, 373
List the prime factors of 8831456.
2, 37, 7459
List the prime factors of 19372865.
5, 3874573
List the prime factors of 24970471.
24970471
List the prime factors of 496870.
2, 5, 11, 4517
What are the prime factors of 2221849?
7, 17, 18671
What are the prime factors of 15170?
2, 5, 37, 41
What are the prime factors of 469166?
2, 17, 13799
List the prime factors of 2008797.
3, 7, 23, 4159
List the prime factors of 22166881.
11, 587, 3433
What are the prime factors of 196356?
2, 3, 16363
What are the prime factors of 748024?
2, 93503
What are the prime factors of 9741?
3, 17, 191
List the prime factors of 1631972.
2, 407993
What are the prime factors of 383680?
2, 5, 11, 109
What are the prime factors of 45413?
45413
List the prime factors of 360324.
2, 3, 10009
List the prime factors of 209325.
3, 5, 2791
What are the prime factors of 115594?
2, 29, 1993
What are the prime factors of 614390?
2, 5, 7, 67, 131
What are the prime factors of 189201?
3, 63067
What are the prime factors of 538941?
3, 13, 1063
List the prime factors of 203031.
3, 17, 1327
What are the prime factors of 631716?
2, 3, 61, 863
What are the prime factors of 6468885?
3, 5, 29, 4957
List the prime factors of 15372476.
2, 7, 107, 733
What are the prime factors of 813401?
813401
List the prime factors of 3027937.
11, 71, 3877
What are the prime factors of 68151?
3, 22717
List the prime factors of 14230700.
2, 5, 11, 17, 761
What are the prime factors of 6675484?
2, 193, 8647
List the prime factors of 1777447.
7, 31, 8191
List the prime factors of 902751.
3, 17, 31, 571
List the prime factors of 22931174.
2, 7, 269, 6089
List the prime factors of 5219426.
2, 43, 137, 443
What are the prime factors of 6775224?
2, 3, 197, 1433
List the prime factors of 22031180.
2, 5, 1101559
What are the prime factors of 1809748?
2, 61, 7417
What are the prime factors of 1879962?
2, 3, 7, 17, 2633
List the prime factors of 11838402.
2, 3, 241, 2729
List the prime factors of 1665233.
1665233
What are the prime factors of 5520314?
2,